5 is divided by 150863.
50
What is the remainder when 79463939 is divided by 13243989?
5
What is the remainder when 4272913 is divided by 33381?
145
Calculate the remainder when 9844490 is divided by 3281479.
53
Calculate the remainder when 3122833 is divided by 66443.
12
What is the remainder when 239953023 is divided by 59988252?
15
Calculate the remainder when 28392296 is divided by 95.
26
What is the remainder when 352241 is divided by 9518?
75
Calculate the remainder when 449516 is divided by 21.
11
What is the remainder when 300622 is divided by 259?
182
What is the remainder when 625396 is divided by 1695?
1636
Calculate the remainder when 296183715 is divided by 18511482.
3
What is the remainder when 12563095 is divided by 1794726?
13
Calculate the remainder when 269261453 is divided by 2.
1
Calculate the remainder when 361105 is divided by 240.
145
Calculate the remainder when 10356092 is divided by 57.
47
Calculate the remainder when 171732 is divided by 18856.
2028
What is the remainder when 57749 is divided by 19031?
656
Calculate the remainder when 3714753 is divided by 11.
9
Calculate the remainder when 24523808 is divided by 1114718.
12
What is the remainder when 394814 is divided by 375?
314
Calculate the remainder when 3105914 is divided by 17.
14
What is the remainder when 304561 is divided by 92?
41
What is the remainder when 11911632 is divided by 171?
114
What is the remainder when 227643 is divided by 16254?
87
Calculate the remainder when 1110625 is divided by 2.
1
What is the remainder when 1947034 is divided by 257?
2
Calculate the remainder when 2765280 is divided by 230440.
0
What is the remainder when 24290208 is divided by 81?
9
What is the remainder when 127326 is divided by 7783?
2798
What is the remainder when 487681 is divided by 487670?
11
What is the remainder when 5225794 is divided by 60?
34
What is the remainder when 1866898 is divided by 116645?
578
What is the remainder when 1615960 is divided by 538644?
28
What is the remainder when 61909385 is divided by 7738670?
25
What is the remainder when 512267 is divided by 213?
2
Calculate the remainder when 1171 is divided by 1114.
57
Calculate the remainder when 3436487 is divided by 264.
263
Calculate the remainder when 676913 is divided by 241.
185
What is the remainder when 168070 is divided by 83813?
444
What is the remainder when 5654400 is divided by 1630?
1560
Calculate the remainder when 4957663 is divided by 1652547.
22
What is the remainder when 18778943 is divided by 916?
27
What is the remainder when 22262496 is divided by 23?
14
Calculate the remainder when 103901 is divided by 9392.
589
Calculate the remainder when 2351414 is divided by 5169.
4688
What is the remainder when 329333 is divided by 1253?
1047
Calculate the remainder when 334690683 is divided by 37784.
11
What is the remainder when 1116200 is divided by 2193?
2156
Calculate the remainder when 1890889 is divided by 397.
375
What is the remainder when 652579199 is divided by 800?
799
What is the remainder when 12455186 is divided by 3369?
3362
Calculate the remainder when 831202 is divided by 72.
34
What is the remainder when 2801988 is divided by 609?
588
Calculate the remainder when 55458313 is divided by 2055.
28
Calculate the remainder when 1372176 is divided by 1422.
1368
Calculate the remainder when 36052433 is divided by 9013107.
5
Calculate the remainder when 18934388 is divided by 431.
127
Calculate the remainder when 2305692 is divided by 261.
18
What is the remainder when 98005 is divided by 644?
117
What is the remainder when 1724792 is divided by 38325?
167
Calculate the remainder when 24374 is divided by 8099.
77
Calculate the remainder when 928694 is divided by 3376.
294
Calculate the remainder when 7303897 is divided by 413.
405
Calculate the remainder when 1229517 is divided by 12931.
1072
Calculate the remainder when 3305106 is divided by 1813.
7
Calculate the remainder when 40032 is divided by 19780.
472
Calculate the remainder when 452072 is divided by 26528.
1096
What is the remainder when 326961119 is divided by 196?
191
Calculate the remainder when 10135 is divided by 290.
275
Calculate the remainder when 60288168 is divided by 370.
368
Calculate the remainder when 35340403 is divided by 383.
227
Calculate the remainder when 2045646 is divided by 72.
54
What is the remainder when 11154210 is divided by 531149?
81
Calculate the remainder when 563995 is divided by 442.
3
What is the remainder when 17941475 is divided by 6?
5
Calculate the remainder when 145243 is divided by 752.
107
What is the remainder when 573029 is divided by 5164?
4989
Calculate the remainder when 1826745 is divided by 2452.
5
Calculate the remainder when 68082 is divided by 5466.
2490
Calculate the remainder when 11131671 is divided by 1391456.
23
Calculate the remainder when 3989500 is divided by 6616.
52
What is the remainder when 26867677 is divided by 862?
861
What is the remainder when 906291 is divided by 47699?
10
What is the remainder when 258134 is divided by 258131?
3
Calculate the remainder when 40377245 is divided by 20188617.
11
What is the remainder when 2158303 is divided by 4997?
4596
Calculate the remainder when 45406 is divided by 44732.
674
Calculate the remainder when 64016 is divided by 5078.
3080
Calculate the remainder when 6997512 is divided by 178.
154
Calculate the remainder when 218771 is divided by 72908.
47
What is the remainder when 3748065 is divided by 93?
72
Calculate the remainder when 801151 is divided by 59.
49
Calculate the remainder when 3683519 is divided by 37.
21
What is the remainder when 234660 is divided by 23177?
2890
Calculate the remainder when 58260 is divided by 14159.
1624
What is the remainder when 31483 is divided by 1085?
18
Calculate the remainder when 366721 is divided by 554.
527
What is the remainder when 260240 is divided by 7055?
6260
What is the remainder when 1202735 is divided by 150338?
31
What is the remainder when 121832478 is divided by 290?
288
Calculate the remainder when 734003135 is divided by 64.
63
What is the remainder when 3450712 is divided by 790?
782
What is the remainder when 2643296 is divided by 848?
80
Calculate the remainder when 1540924 is divided by 165.
154
What is the remainder when 115336 is divided by 1942?
758
Calculate the remainder when 8425845 is divided by 143.
142
What is the remainder when 4833901 is divided by 829?
2
Calculate the remainder when 85036 is divided by 42363.
310
What is the remainder when 3233014 is divided by 161645?
114
Calculate the remainder when 4366898 is divided by 10.
8
What is the remainder when 310309 is divided by 2900?
9
What is the remainder when 46499518 is divided by 320?
318
What is the remainder when 588678 is divided by 45?
33
What is the remainder when 28318 is divided by 884?
30
Calculate the remainder when 61539 is divided by 8779.
86
Calculate the remainder when 27023 is divided by 7183.
5474
What is the remainder when 1658091 is divided by 42510?
201
Calculate the remainder when 279471 is divided by 1474.
885
Calculate the remainder when 51315 is divided by 134.
127
What is the remainder when 29261372 is divided by 47272?
4
What is the remainder when 2938158 is divided by 50657?
52
What is the remainder when 214785682 is divided by 17?
15
Calculate the remainder when 1542082 is divided by 4717.
4340
What is the remainder when 108466 is divided by 27036?
322
What is the remainder when 2180388 is divided by 4649?
7
Calculate the remainder when 2335829 is divided by 260.
249
What is the remainder when 142162192 is divided by 1076?
1072
What is the remainder when 4510674 is divided by 196114?
52
Calculate the remainder when 2557446 is divided by 25.
21
Calculate the remainder when 65747 is divided by 12950.
997
Calculate the remainder when 66634 is divided by 3870.
844
What is the remainder when 37907220 is divided by 29?
15
What is the remainder when 7728888 is divided by 702626?
2
What is the remainder when 17678717 is divided by 578?
9
Calculate the remainder when 408775 is divided by 3856.
39
Calculate the remainder when 606171 is divided by 75617.
1235
What is the remainder when 3020521 is divided by 755126?
17
What is the remainder when 2462979 is divided 